 a = -14 - -9. Let y = a - -10. Let i(x) = 7*x - 10. Let o(s) = 8*s - 11. Let m(h) = 4*i(h) - 3*o(h). Calculate m(y).
13
Suppose 0 = 2*s - 4*v - 0 - 32, 5*s - 85 = 5*v. Let m be (s/(-3))/(2 - 0). Let d(x) = -x**3 - 5*x**2 - 4*x - 3. Determine d(m).
-9
Let k(a) be the third derivative of -9*a**2 + 5/6*a**3 + 0*a + 1/24*a**4 + 0. Calculate k(4).
9
Suppose 5*u - 2*u = -j + 17, -4*j - 17 = -5*u. Suppose -5*w - u*d + 4*d = -28, 0 = -3*w - 2*d + 21. Let s(p) = p**3 - 4*p**2 - 4*p. What is s(w)?
5
Let z(l) = -1 + 7*l - 8*l - 1. Let t(m) = 4*m + 4. Let u be t(-3). Let k be 6/u - (-391)/68. Calculate z(k).
-7
Let o(l) = -l**3 + l**2 - 2*l + 1. Let b be (3/(-14)*-4)/((-6)/(-21)). Calculate o(b).
-23
Let m(w) be the third derivative of -w**4/24 - w**3 - 188*w**2 + w. Calculate m(-6).
0
Let z(o) = -8*o**2 + 15*o**2 + o**3 - 6*o**2 - 3*o - 2. Let u(v) = 7*v - 128. Let f be u(18). Give z(f).
0
Suppose -2*f - 20 = -0*f. Let k be (0 - 2/(-12)) + 25/(-6). Let j be f/k + (-5)/(-10). Let g(o) = o**3 - 3*o**2 - 4*o + 3. Calculate g(j).
-9
Let w(j) be the second derivative of -j**4/6 + 5*j**3/3 - j**2/2 - 2*j - 1. What is w(7)?
-29
Let w(i) = -i**2 - i + 9. Suppose -3 = -5*j + 4*j. Let t be 17/34*(1 + j). Let z be 5/(-15) - t/(-6). What is w(z)?
9
Let t = 19 - 14. Let l(p) = t + 1 - 7*p + 5*p - 2. Let f(g) = g**3 + 4*g**2 + 4*g. Let i be f(-3). Calculate l(i).
10
Let p(y) be the first derivative of y**4/4 + 2*y**3 + 3*y**2 + 6*y + 508. Suppose 5 = 4*x - 5*x. Give p(x).
1
Let b be (2 - 45/36)/(6/(-16)). Let v(x) = -4*x**2 - 3*x - 1. What is v(b)?
-11
Let t(s) = -s**2 + 9*s - 9. Let i = -13 - -11. Let o = i - -2. Suppose -7*z = 4*b - 2*z - 19, o = -2*b + 5*z + 17. Give t(b).
9
Let h(z) = -z**3 - z**2 - 15. Let f be 3 - 12/(-20)*-5. Calculate h(f).
-15
Suppose -x - 2 = 10. Let j = x - -13. Let b be (j - 1 - 1)*0. Let d(v) = -v**2 - 4. Determine d(b).
-4
Let i(w) be the third derivative of -7*w**4/8 + w**3/6 + 2*w**2 + 378*w. Determine i(1).
-20
Let d(m) = -13*m**3 + 2 - m**2 + 14*m**3 - 3 - m + 7*m**2. Let w be 2/(1 + 0)*(-7 + 4). Give d(w).
5
Let k(d) = -6*d - 7. Let a(m) = -3*m - 4. Let t(n) = 5*a(n) - 2*k(n). Let u be t(-4). Let p(r) = -r**3 + 5*r**2 + 7*r + 2. What is p(u)?
8
Let q(j) = j**2 + 3*j + 23. Let i = 873 + -873. What is q(i)?
23
Let z(m) = -79*m + 13. Let i(k) = 41*k - 7. Let q(b) = 11*i(b) + 6*z(b). Give q(1).
-22
Suppose m - h = -3*h - 4, 4*h = -20. Suppose 6*i - i - 4*x + m = 0, 2*x = -5*i - 12. Let t(r) = -11*r. Give t(i).
22
Suppose 5*z - 5*d - 40 = 0, -5*z - d + 20 = -14. Let x(h) be the first derivative of h**3/3 - 5*h**2/2 - 9*h - 116. What is x(z)?
5
Let q(l) = l**3 + 3*l**2 - 7*l - 8. Let i be q(-4). Suppose -5*r + 20 = 3*h - 4, 0 = -i*h + 3*r + 3. Let n(s) = s**2 - 5*s + 3. Calculate n(h).
-3
Let h(u) = -40*u + 50. Let b(i) = 9*i - 12. Let r(l) = 9*b(l) + 2*h(l). What is r(10)?
2
Suppose m = -4*n - 0*m - 31, 2*n = 2*m - 8. Let t(c) = 11*c + 8. Let w(o) = -37*o - 25. Let i(z) = 7*t(z) + 2*w(z). Calculate i(n).
-15
Let g(m) = -m**3 + 6*m**2 + 5*m - 1. Suppose f = -5*r - 4 + 35, -20 = 5*f. Give g(r).
-15
Let y = -8 - -4. Let i(m) = 2*m**2 + 40*m + 4. Let o be i(-20). Let l(s) = 5*s**3 - 4*s**3 + 0 + 10 - 7 + o*s**2 + s. Determine l(y).
-1
Let s(u) = u - 1. Let h be s(6). Let i = -58 - -59. Let d(j) = -4 + 6 - h*j - i. Give d(-1).
6
Let v(x) = -x**2 + 2*x + 1. Suppose -z + 2*d = -13, -3*z + 5*d = -50 + 15. Calculate v(z).
-14
Suppose -2*u + 23 - 1 = -5*i, -4*u + 32 = -4*i. Suppose y = 3*y - u. Suppose 5*n = 4*w - 40, -36 = 4*n + y*w - 7*w. Let q(x) = -x**2 - 3*x + 5. Calculate q(n).
1
Suppose 6*u = 2*t + 3*u + 3, 3*t - 4*u + 4 = 0. Let f(d) be the second derivative of d**4/12 + d**3/6 + 11*d**2/2 - 22*d. What is f(t)?
11
Suppose -4*k + 0 = 4, k = -5*z + 9. Let l(r) = -3 + 9 - 10*r + 3*r + r**z. Let c = 272 - 267. Give l(c).
-4
Suppose -18 = -77*s + 75*s. Let u(v) = v**2 - 10*v + 8. Give u(s).
-1
Suppose 0 = -3*j + 8 + 1. Suppose 4*n - j = n. Let h(t) = 0*t**2 - 180 + 4*t**3 + 0*t**2 + t**2 - t + 180. What is h(n)?
4
Let t(g) = -4*g + 1. Let o(w) be the first derivative of -w**2/2 + w - 14. Let n(i) = -3*o(i) + t(i). Calculate n(5).
-7
Let f(p) = 27*p**3 + p**2. Let h = -111 - -110. Give f(h).
-26
Let n(y) = 5*y + 5. Let w(r) = 1 - r - r**2 + r**2 - r**2. Let z be 13 + 4 + -11 + -5. Let g(i) = z*n(i) - w(i). Determine g(-6).
4
Suppose -5*b = r - 2, 0 = -5*r - 8*b + 7*b - 14. Let w(g) = 3*g**3 + 8*g**2 - 3*g - 2. Give w(r).
-2
Let v(h) be the third derivative of h**6/120 + 7*h**5/60 + h**4/6 - 11*h**3/6 - 73*h**2. What is v(-6)?
1
Let k(a) = -a**3 + 3. Let g be k(2). Let s(d) be the first derivative of d**4/4 + 4*d**3/3 - d**2 + 7*d + 3. Give s(g).
-8
Let u(y) = -5*y**3 + 2*y**2 - 1. Let x be (3 + 4)*-2*3/6. Let h(l) = l**3 + 8*l**2 + 6*l - 6. Let p be h(x). Give u(p).
-4
Let y(p) be the first derivative of -p**3/3 - 5*p**2/2 + 10*p - 16. Let x(i) = i - 2. Let s be x(-5). Give y(s).
-4
Let f(m) = -m**2 + m. Let x(n) = n**2 - n + 11. Let z(s) = 2*f(s) + x(s). Let i = 56 + -69. Let a be 0/((5 + i)/4). Give z(a).
11
Let w(y) = 7*y**2. Let h(n) = 13*n**2 - n. Let l(f) = 6*h(f) - 11*w(f). Calculate l(7).
7
Suppose -18 = -3*r - 2*w, -2*r - 5*w = -3*r + 23. Suppose r = 5*o - o. Let d(q) = -11*q**2 - o + 5*q**2 + 2*q + 5*q - q**3. Calculate d(-7).
-2
Let l(c) = -5 + 5*c + 0*c - 6*c - 6 - c**2 + 3. Calculate l(0).
-8
Let f = 33 - 7. Let s = 40 - f. Let u(h) = s - h - 7 - 4. Determine u(6).
-3
Let w(d) = -5*d + 8. Let u(q) = -6*q + 12. Let l(r) = 3*u(r) - 4*w(r). Give l(2).
8
Suppose 0 = 5*s + s. Suppose -4*d - 16 = 0, 2*j - 3*d + 4 + s = 0. Let q(y) = y**2 + 7*y. Calculate q(j).
8
Let a(n) be the first derivative of -4*n**3/3 - n**2 + n + 353. Determine a(1).
-5
Let b = 33 - 31. Let i(l) = -9*l + 3. Give i(b).
-15
Suppose -18 = 3*u - 3*q, -13*u + 8*u + q - 26 = 0. Let a(r) = -3*r**2 + 2*r**2 + 1 + 2*r - 7*r. Give a(u).
1
Let t(w) be the second derivative of -w**5/20 - 4*w**4/3 + w**3/3 + 12*w**2 - 32*w - 2. Determine t(-16).
-8
Suppose -6 = -8*o + 10. Let i(n) = -2 - 2*n + 0*n - o + n**2. Give i(4).
4
Let z(v) = -14*v**2 + 4*v - 1. Let s(b) = -15*b**2 + 5*b - 1. Let a(d) = -5*s(d) + 6*z(d). Let g = -37 + 27. Let p be 12/(-20) + 4/g. Give a(p).
-9
Let b(i) = -7*i. Let v(t) = 4*t**3 + 4*t**2 - t - 2. Let j(r) = 11*r**3 + 11*r**2 - 4*r - 7. Let f(c) = 3*j(c) - 8*v(c). Let n be f(-2). What is b(n)?
7
Let q(w) = w**2 - 6*w + 4. Let a = 8 + 2. Let v be (-132)/(-30) - (-6)/a. Let j = 10 - v. Determine q(j).
-1
Let i(o) be the third derivative of -5*o**4/12 + o**3 - 174*o**2 - o. Give i(-3).
36
Let w be 5 + (-70)/(7 - 0). Let d(u) = -2*u - 10. What is d(w)?
0
Suppose 2*k = k + 80. Let b = k + -72. Let h(m) = m**3 - 8*m**2 + m - 3. What is h(b)?
5
Let j(g) = 9*g**3 - 25*g**2 + 20*g - 21. Let u(z) = -5*z**3 + 13*z**2 - 11*z + 11. Let a(h) = -6*j(h) - 11*u(h). Calculate a(-7).
-2
Let f be 0 - (1/(-1) + -2). Let d = -9 + 12. Let z(q) = -2*q - 3 - 3 + d + 2. Determine z(f).
-7
Suppose 0 = -2*k + 32 - 14. Let t(q) = -1 - 22*q + k*q + 3*q + 11*q. Let m(n) = -n**3 + 3*n**2 + 4*n + 2. Let b be m(4). Calculate t(b).
1
Suppose -4*t - 8 = -8*t. Let x be (t/8)/(8/(-32)). Let s(b) = 4*b**3 + b**2 + b. Determine s(x).
-4
Let a be (-2 + -2)*32/(-8). Suppose h + 3*c + 14 = 0, -5*h - a + 1 = 4*c. Let l(r) = -6*r - 1. Determine l(h).
-7
Let r(h) = h**3 - 7*h**2 - 9*h + 6. Let f(q) = q**3 + 2*q**2 - 36*q + 1. Let v be f(-7). Give r(v).
-2
Let a(k) = k**3 + 2*k**2 - 6*k - 3. Let y be a(-4). Let o = y - -13. Suppose 3 = -3*p + j, -j = o*p + 3*j + 16. Let c(x) = x**3 + 4*x**2 + 4*x + 3. Give c(p).
3
Let w = -61 - -87. Suppose 5*t + 94 = -w. Let s = 25 + t. Let a(j) = -17*j**3 + j**2 + j - 1. Determine a(s).
-16
Let z(m) = 4*m**2 + 17*m**3 + 9 - 6*m**3 - 2*m + m**2 - 3*m**3 - 9*m**3. Calculate z(5).
-1
Let r(b) = -7*b**2 - 16*b - 17. Let o(d) = -6*d**2 - 15*d - 16. Let i(x) = 6*o(x) - 5*r(x). Let v be i(-8). Let t(y) = -3*y + 6*y - 5*y + 5 - 2. Determine t(v).
-7
Suppose 0 = 4*a - 32 + 16. Suppose -a*x = -6*x. Let o(u) = u**3 + u**2 - 19. Give o(x).
-19
Suppose 2*g = -5*t - 43, -1 + 3 = -2*t + 3*g. Let z(k) = -5*k**2 + 4. Let y(x) = x**2 + x - 1. Let d(l) = 6*y(l) + z(l). Calculate d(t).
5
Suppose -197*d + 190*d = -56. Let m(y) = y**3 - 8*y**2 + y - 3. Calculate m(d).
5
Let j(x) be 